{"id":4369,"date":"2024-11-14T18:27:10","date_gmt":"2024-11-14T18:27:10","guid":{"rendered":"https:\/\/sercoma.online\/?post_type=product&#038;p=4369"},"modified":"2024-11-15T14:48:46","modified_gmt":"2024-11-15T14:48:46","slug":"impresora-epson-surecolor-t3770e-cad-tecnica-de-un-solo-rollo-y-formato-ancho-de-24-2","status":"publish","type":"product","link":"https:\/\/sercoma.online\/index.php\/product\/impresora-epson-surecolor-t3770e-cad-tecnica-de-un-solo-rollo-y-formato-ancho-de-24-2\/","title":{"rendered":"Impresora Epson SureColor T3770E CAD\/ T\u00e9cnica de un Solo Rollo y Formato Ancho de 24\u201d"},"content":{"rendered":"<p>Epson presenta un dise\u00f1o innovador que supera expectativas y redefine la capacidad, la versatilidad y la eficiencia para esta categor\u00eda: la SureColor<sup>\u00ae<\/sup>\u00a0T3770E. Con un tama\u00f1o compacto y una operaci\u00f3n totalmente frontal, la T3770E encaja donde otras impresoras no lo hacen. Est\u00e1 dise\u00f1ada para ofrecer una calidad, nitidez y velocidad sobresalientes, produciendo dibujos t\u00e9cnicos a velocidades de producci\u00f3n con impresiones de tama\u00f1o A1\/D en tan solo 16 segundos<sup>1<\/sup>. Su innovador conjunto de seis tintas con tinta roja dedicada permite una extraordinaria gama de colores para una impresora de producci\u00f3n, as\u00ed como a los intensos colores rojos. Y la operaci\u00f3n sencilla y sin preocupaciones combinada con nuevos niveles de flexibilidad de medios ayuda a los usuarios a hacer m\u00e1s con menos espacio, todo con un bajo costo total de propiedad (TCO). \u00a0S\u00famalo todo, y esta no es solo una impresora extraordinaria, es el nuevo punto de referencia para gr\u00e1ficos y CAD de alta velocidad.<\/p>\n<hr \/>\n<h4><strong>Especificaciones<\/strong><strong>:<\/strong><\/h4>\n<ul>\n<li><strong>Marca<\/strong>: Epson<\/li>\n<li><strong>Peso:<\/strong>254 lb<\/li>\n<li><span class=\"list-attribute\"><strong>Tipo de producto:<\/strong> Impresora CAD<\/span><\/li>\n<li><strong>Velocidad de Impresi\u00f3n:<\/strong> Tama\u00f1o A1\/D (papel normal): 16 segundos<br \/>\nTama\u00f1o A1\/D (brillante): 65 segundos (modo de velocidad)<\/li>\n<li><strong>Ancho m\u00e1ximo del rollo:<\/strong> Hasta 24&#8243;<\/li>\n<li><strong>Ancho M\u00ednimo del rollo:<\/strong>M\u00ednimo 10&#8243;<\/li>\n<li><strong>Impresora inalambrica:<\/strong>\u00a0S\u00ed<\/li>\n<li><strong>Condici\u00f3n<\/strong>: Original-Nuevo<\/li>\n<\/ul>\n<p><span style=\"color: #00a7f8;\"><a style=\"color: #00a7f8;\" title=\"FICHA T\u00c9CNICA\" href=\"https:\/\/mediaserver.goepson.com\/ImConvServlet\/imconv\/e0f583099a031db46154c2081088913162024b43\/original?assetDescr=SureColor%20T3770E%20Specification%20Sheet.pdf\" target=\"_blank\" rel=\"noopener\">[ FICHA T\u00c9CNICA ]<\/a><\/span><\/p>\n<hr \/>\n<h4><strong>Caracteristicas<\/strong><strong>:<\/strong><\/h4>\n<ul>\n<li><strong>Velocidad y rendimiento incre\u00edbles:<\/strong>\u00a0ofrece impresiones n\u00edtidas, detalladas y coloridas con un confiable Cabezal de impresi\u00f3n PrecisionCore<sup>\u00ae<\/sup>\u00a0MicroTFP de 2,64&#8243;, que produce impresionantes impresiones de tama\u00f1o A1\/D en tan solo 16 segundos\u00b9<\/li>\n<li><strong>Su dise\u00f1o innovador se adapta a casi cualquier flujo de trabajo:<\/strong>\u00a0dise\u00f1o \u00fanico de superficie plana con operaci\u00f3n frontal completa y carga autom\u00e1tica simple del rollo.<\/li>\n<li><strong>Impresionante calidad de imagen y detalles de l\u00ednea precisos:\u00a0<\/strong>tinta UltraChrome<sup>\u00ae<\/sup>\u00a0XD3 v\u00edvida con tinta roja produce l\u00edneas n\u00edtidas y colores vibrantes para gr\u00e1ficos, se\u00f1alizaci\u00f3n, planos, documentos y m\u00e1s.<\/li>\n<li><strong>Imprima en una amplia gama de soportes para diversas aplicaciones:<\/strong>\u00a0imprima en una variedad de soportes, incluidos soportes brillantes, t\u00e9cnicos, bond, mate y especiales, y cartulina r\u00edgida de hasta 1,5 mm de espesor.<\/li>\n<li><strong>F\u00e1cil de usar y mantener:\u00a0<\/strong>panel de control configurable con pantalla t\u00e1ctil de 4,3&#8243; para un funcionamiento sencillo, mantenimiento de rutina automatizado y autoservicio conveniente para el usuario para una operaci\u00f3n a largo plazo.<\/li>\n<li><strong>No requiere ensamblaje:<\/strong>\u00a0est\u00e9 listo e imprima en tan solo 30 minutos.<\/li>\n<li><strong>Conectividad vers\u00e1til:\u00a0<\/strong>conectividad USB 3.0 de alta velocidad, Gigabit Ethernet y Wi-Fi<sup>\u00ae<\/sup>\u00a0(2,4 GHz y 5 GHz) opciones para adaptarse a pr\u00e1cticamente cualquier flujo de trabajo de producci\u00f3n.<\/li>\n<li><strong>Funciones de TI y seguridad:<\/strong>\u00a0m\u00e1s de 28 funciones de TI y seguridad para oficinas u oficinas remotas, incluida la opci\u00f3n de tarjeta IC para control y seguimiento del usuario, cifrado SSD e IEEE 802.1x.<\/li>\n<li><strong>Maximice la productividad con Epson<sup>\u00ae<\/sup>\u00a0Software Suite y Epson Cloud Solution incluidos PORT\u00b2:<\/strong>\u00a0administre y controle de forma remota su flota de impresoras desde la comodidad de su computadora port\u00e1til o dispositivo inteligente.<\/li>\n<\/ul>\n","protected":false},"excerpt":{"rendered":"<p>Epson presenta un dise\u00f1o innovador que supera expectativas y redefine la capacidad, la versatilidad y la eficiencia para esta categor\u00eda: la SureColor<sup>\u00ae<\/sup> T3770E. Con un tama\u00f1o compacto y una operaci\u00f3n totalmente frontal, la T3770E encaja donde otras impresoras no lo hacen. Est\u00e1 dise\u00f1ada para ofrecer una calidad, nitidez y velocidad sobresalientes, produciendo dibujos t\u00e9cnicos a velocidades de producci\u00f3n con impresiones de tama\u00f1o A1\/D en tan solo 16 segundos.<\/p>\n","protected":false},"featured_media":4232,"template":"","meta":{"_uag_custom_page_level_css":"","_monsterinsights_skip_tracking":false,"_monsterinsights_sitenote_active":false,"_monsterinsights_sitenote_note":"","_monsterinsights_sitenote_category":0,"site-sidebar-layout":"default","site-content-layout":"","ast-site-content-layout":"default","site-content-style":"default","site-sidebar-style":"default","ast-global-header-display":"","ast-banner-title-visibility":"","ast-main-header-display":"","ast-hfb-above-header-display":"","ast-hfb-below-header-display":"","ast-hfb-mobile-header-display":"","site-post-title":"","ast-breadcrumbs-content":"","ast-featured-img":"","footer-sml-layout":"","theme-transparent-header-meta":"default","adv-header-id-meta":"","stick-header-meta":"","header-above-stick-meta":"","header-main-stick-meta":"","header-below-stick-meta":"","astra-migrate-meta-layouts":"set","ast-page-background-enabled":"default","ast-page-background-meta":{"desktop":{"background-color":"","background-image":"","background-repeat":"repeat","background-position":"center center","background-size":"auto","background-attachment":"scroll","background-type":"","background-media":"","overlay-type":"","overlay-color":"","overlay-gradient":""},"tablet":{"background-color":"","background-image":"","background-repeat":"repeat","background-position":"center center","background-size":"auto","background-attachment":"scroll","background-type":"","background-media":"","overlay-type":"","overlay-color":"","overlay-gradient":""},"mobile":{"background-color":"","background-image":"","background-repeat":"repeat","background-position":"center center","background-size":"auto","background-attachment":"scroll","background-type":"","background-media":"","overlay-type":"","overlay-color":"","overlay-gradient":""}},"ast-content-background-meta":{"desktop":{"background-color":"var(--ast-global-color-5)","background-image":"","background-repeat":"repeat","background-position":"center center","background-size":"auto","background-attachment":"scroll","background-type":"","background-media":"","overlay-type":"","overlay-color":"","overlay-gradient":""},"tablet":{"background-color":"var(--ast-global-color-5)","background-image":"","background-repeat":"repeat","background-position":"center center","background-size":"auto","background-attachment":"scroll","background-type":"","background-media":"","overlay-type":"","overlay-color":"","overlay-gradient":""},"mobile":{"background-color":"var(--ast-global-color-5)","background-image":"","background-repeat":"repeat","background-position":"center center","background-size":"auto","background-attachment":"scroll","background-type":"","background-media":"","overlay-type":"","overlay-color":"","overlay-gradient":""}}},"product_cat":[55,52],"product_tag":[],"class_list":{"0":"post-4369","1":"product","2":"type-product","3":"status-publish","4":"has-post-thumbnail","6":"product_cat-planos","7":"product_cat-plotters","8":"desktop-align-center","9":"tablet-align-center","10":"mobile-align-center","12":"first","13":"instock","14":"taxable","15":"shipping-taxable","16":"product-type-simple"},"aioseo_notices":[],"jetpack_sharing_enabled":true,"uagb_featured_image_src":{"full":["https:\/\/sercoma.online\/wp-content\/uploads\/2024\/09\/T3770E-1.jpg",2080,2080,false],"thumbnail":["https:\/\/sercoma.online\/wp-content\/uploads\/2024\/09\/T3770E-1-150x150.jpg",150,150,true],"medium":["https:\/\/sercoma.online\/wp-content\/uploads\/2024\/09\/T3770E-1-300x300.jpg",300,300,true],"medium_large":["https:\/\/sercoma.online\/wp-content\/uploads\/2024\/09\/T3770E-1-768x768.jpg",768,768,true],"large":["https:\/\/sercoma.online\/wp-content\/uploads\/2024\/09\/T3770E-1-1024x1024.jpg",1024,1024,true],"1536x1536":["https:\/\/sercoma.online\/wp-content\/uploads\/2024\/09\/T3770E-1-1536x1536.jpg",1536,1536,true],"2048x2048":["https:\/\/sercoma.online\/wp-content\/uploads\/2024\/09\/T3770E-1-2048x2048.jpg",2048,2048,true],"woocommerce_thumbnail":["https:\/\/sercoma.online\/wp-content\/uploads\/2024\/09\/T3770E-1-300x300.jpg",300,300,true],"woocommerce_single":["https:\/\/sercoma.online\/wp-content\/uploads\/2024\/09\/T3770E-1-600x600.jpg",600,600,true],"woocommerce_gallery_thumbnail":["https:\/\/sercoma.online\/wp-content\/uploads\/2024\/09\/T3770E-1-100x100.jpg",100,100,true]},"uagb_author_info":{"display_name":"sercoma.online","author_link":"https:\/\/sercoma.online\/index.php\/author\/"},"uagb_comment_info":0,"uagb_excerpt":"Epson presenta un dise\u00f1o innovador que supera expectativas y redefine la capacidad, la versatilidad y la eficiencia para esta categor\u00eda: la SureColor\u00ae T3770E. Con un tama\u00f1o compacto y una operaci\u00f3n totalmente frontal, la T3770E encaja donde otras impresoras no lo hacen. Est\u00e1 dise\u00f1ada para ofrecer una calidad, nitidez y velocidad sobresalientes, produciendo dibujos t\u00e9cnicos a&hellip;","_links":{"self":[{"href":"https:\/\/sercoma.online\/index.php\/wp-json\/wp\/v2\/product\/4369"}],"collection":[{"href":"https:\/\/sercoma.online\/index.php\/wp-json\/wp\/v2\/product"}],"about":[{"href":"https:\/\/sercoma.online\/index.php\/wp-json\/wp\/v2\/types\/product"}],"version-history":[{"count":6,"href":"https:\/\/sercoma.online\/index.php\/wp-json\/wp\/v2\/product\/4369\/revisions"}],"predecessor-version":[{"id":4383,"href":"https:\/\/sercoma.online\/index.php\/wp-json\/wp\/v2\/product\/4369\/revisions\/4383"}],"wp:featuredmedia":[{"embeddable":true,"href":"https:\/\/sercoma.online\/index.php\/wp-json\/wp\/v2\/media\/4232"}],"wp:attachment":[{"href":"https:\/\/sercoma.online\/index.php\/wp-json\/wp\/v2\/media?parent=4369"}],"wp:term":[{"taxonomy":"product_cat","embeddable":true,"href":"https:\/\/sercoma.online\/index.php\/wp-json\/wp\/v2\/product_cat?post=4369"},{"taxonomy":"product_tag","embeddable":true,"href":"https:\/\/sercoma.online\/index.php\/wp-json\/wp\/v2\/product_tag?post=4369"}],"curies":[{"name":"wp","href":"https:\/\/api.w.org\/{rel}","templated":true}]}}