{"id":4054,"date":"2024-08-30T17:09:03","date_gmt":"2024-08-30T17:09:03","guid":{"rendered":"https:\/\/sercoma.online\/?post_type=product&#038;p=4054"},"modified":"2024-09-13T20:40:05","modified_gmt":"2024-09-13T20:40:05","slug":"impresora-multifuncional-epson-ecotank-l5590","status":"publish","type":"product","link":"https:\/\/sercoma.online\/index.php\/product\/impresora-multifuncional-epson-ecotank-l5590\/","title":{"rendered":"Impresora Multifuncional Epson EcoTank L5590"},"content":{"rendered":"<p>Impresora multifuncional Wi-Fi 4 en 1 de alto desempe\u00f1o con velocidades de impresi\u00f3n ultra r\u00e1pidas Epson EcoTank L5590 100% sin cartuchos para muchos usuarios de trabajo no es suficiente la confiabilidad de EcoTank, pero tambi\u00e9n tienen la expectativa de resultados m\u00e1s r\u00e1pidos e inmediatos llevar acabo su trabajo. La EcoTank L5590 va m\u00e1s all\u00e1 de la confiabilidad y eficiencia que espera de EcoTank para ofrecer velocidades de impresi\u00f3n 50% m\u00e1s r\u00e1pidas sin sacrificar calidad de impresi\u00f3n 3 con la tecnolog\u00eda Heat-Free PrecisionCore. Incremente mas a\u00fan su productividad simplificando tareas frecuentes de copiado \/ escaneado con su alimentador de documentos de 30 p\u00e1ginas; y pogra compartirla en cualquier red via Wi-Fi o Ethernet.<\/p>\n<hr \/>\n<h4><strong>Especificaciones<\/strong><strong>:<\/strong><\/h4>\n<ul>\n<li><strong>Marca<\/strong>: Epson<\/li>\n<li><strong>Peso:<\/strong>5,2 Kg<\/li>\n<li><span class=\"list-attribute\"><strong>Tipo de producto:<\/strong> Impresora multifuncional 4 en 1<\/span><\/li>\n<li><strong>\u00a0Dimensiones (An. x Pr. x Al.):<\/strong> Abierto: 37,5 cm x 57,8 cm x 25,3 cm &#8211; Cerrado: 37,5 cm x 34,7 cm x 23,7 cm<\/li>\n<li><strong>Velocidad de impresi\u00f3n m\u00e1xima:<\/strong> Negro 33 ppm y color 20 ppm (borrador, A4\/carta)<\/li>\n<li><strong>Tama\u00f1o m\u00e1ximo de copia:<\/strong> Oficio (ADF)<\/li>\n<li><strong>Impresora inalambrica:<\/strong>\u00a0S\u00ed<\/li>\n<li><strong>Condici\u00f3n<\/strong>: Original-Nuevo<\/li>\n<\/ul>\n<p><span style=\"color: #00a7f8;\"><a style=\"color: #00a7f8;\" title=\"FICHA T\u00c9CNICA\" href=\"https:\/\/mediaserver.goepson.com\/ImConvServlet\/imconv\/2146320f4d2c50d2d32d013eb94ffa21856c311e\/original?assetDescr=Especificaciones-EcoTank-L5590-v3.pdf\" target=\"_blank\" rel=\"noopener\">[ FICHA T\u00c9CNICA ]<\/a><\/span><\/p>\n<hr \/>\n<h4><strong>Caracteristicas<\/strong><strong>:<\/strong><\/h4>\n<ul>\n<li><strong>Alta Productividad<\/strong>\u00a0<strong>ADF<\/strong>: hasta 30 hojas (A4\/Carta), hasta 10 hojas (Oficio)<\/li>\n<li><strong>Conectividad de red avanzada:<\/strong> Wi-Fi\u00ae6, Wi-Fi Direct\u00ae6 y red Ethernet para grupos de trabajo<\/li>\n<li><strong>Alta velocidad de impresi\u00f3n ISO:<\/strong> ISO: 15 ppm2 Negro \/ 8 ppm2 Color (A4\/LTR)<\/li>\n<li><strong>Impresiones ultra n\u00edtidas:<\/strong> con la tecnolog\u00edade Inyecci\u00f3n de tinta Heat-Free\u00ae<br \/>\nPrecisionCore de 4 colores (CMYK)<\/li>\n<\/ul>\n","protected":false},"excerpt":{"rendered":"<p>Impresora multifuncional Wi-Fi 4 en 1 de alto desempe\u00f1o con velocidades de impresi\u00f3n ultra r\u00e1pidas Epson EcoTank L5590 100% sin cartuchos para muchos usuarios de trabajo no es suficiente la confiabilidad de EcoTank, pero tambi\u00e9n tienen la expectativa de resultados m\u00e1s r\u00e1pidos e inmediatos llevar acabo su trabajo. La EcoTank L5590 va m\u00e1s all\u00e1 de la confiabilidad y eficiencia que espera de EcoTank para ofrecer velocidades de impresi\u00f3n 50% m\u00e1s r\u00e1pidas sin sacrificar calidad de impresi\u00f3n3 con la tecnolog\u00eda Heat-Free PrecisionCore. Incremente mas a\u00fan su productividad simplificando tareas frecuentes de copiado \/ escaneado con su alimentador de documentos de 30 p\u00e1ginas; y pogra compartirla en cualquier red via Wi-Fi o Ethernet.<\/p>\n","protected":false},"featured_media":4055,"template":"","meta":{"_uag_custom_page_level_css":"","_monsterinsights_skip_tracking":false,"_monsterinsights_sitenote_active":false,"_monsterinsights_sitenote_note":"","_monsterinsights_sitenote_category":0,"site-sidebar-layout":"default","site-content-layout":"","ast-site-content-layout":"default","site-content-style":"default","site-sidebar-style":"default","ast-global-header-display":"","ast-banner-title-visibility":"","ast-main-header-display":"","ast-hfb-above-header-display":"","ast-hfb-below-header-display":"","ast-hfb-mobile-header-display":"","site-post-title":"","ast-breadcrumbs-content":"","ast-featured-img":"","footer-sml-layout":"","theme-transparent-header-meta":"default","adv-header-id-meta":"","stick-header-meta":"","header-above-stick-meta":"","header-main-stick-meta":"","header-below-stick-meta":"","astra-migrate-meta-layouts":"set","ast-page-background-enabled":"default","ast-page-background-meta":{"desktop":{"background-color":"","background-image":"","background-repeat":"repeat","background-position":"center center","background-size":"auto","background-attachment":"scroll","background-type":"","background-media":"","overlay-type":"","overlay-color":"","overlay-gradient":""},"tablet":{"background-color":"","background-image":"","background-repeat":"repeat","background-position":"center center","background-size":"auto","background-attachment":"scroll","background-type":"","background-media":"","overlay-type":"","overlay-color":"","overlay-gradient":""},"mobile":{"background-color":"","background-image":"","background-repeat":"repeat","background-position":"center center","background-size":"auto","background-attachment":"scroll","background-type":"","background-media":"","overlay-type":"","overlay-color":"","overlay-gradient":""}},"ast-content-background-meta":{"desktop":{"background-color":"var(--ast-global-color-5)","background-image":"","background-repeat":"repeat","background-position":"center center","background-size":"auto","background-attachment":"scroll","background-type":"","background-media":"","overlay-type":"","overlay-color":"","overlay-gradient":""},"tablet":{"background-color":"var(--ast-global-color-5)","background-image":"","background-repeat":"repeat","background-position":"center center","background-size":"auto","background-attachment":"scroll","background-type":"","background-media":"","overlay-type":"","overlay-color":"","overlay-gradient":""},"mobile":{"background-color":"var(--ast-global-color-5)","background-image":"","background-repeat":"repeat","background-position":"center center","background-size":"auto","background-attachment":"scroll","background-type":"","background-media":"","overlay-type":"","overlay-color":"","overlay-gradient":""}}},"product_cat":[23,49],"product_tag":[],"class_list":{"0":"post-4054","1":"product","2":"type-product","3":"status-publish","4":"has-post-thumbnail","6":"product_cat-impresoras","7":"product_cat-oficina","8":"desktop-align-center","9":"tablet-align-center","10":"mobile-align-center","12":"first","13":"instock","14":"taxable","15":"shipping-taxable","16":"product-type-simple"},"aioseo_notices":[],"jetpack_sharing_enabled":true,"uagb_featured_image_src":{"full":["https:\/\/sercoma.online\/wp-content\/uploads\/2024\/08\/l5590.jpg",2080,2080,false],"thumbnail":["https:\/\/sercoma.online\/wp-content\/uploads\/2024\/08\/l5590-150x150.jpg",150,150,true],"medium":["https:\/\/sercoma.online\/wp-content\/uploads\/2024\/08\/l5590-300x300.jpg",300,300,true],"medium_large":["https:\/\/sercoma.online\/wp-content\/uploads\/2024\/08\/l5590-768x768.jpg",768,768,true],"large":["https:\/\/sercoma.online\/wp-content\/uploads\/2024\/08\/l5590-1024x1024.jpg",1024,1024,true],"1536x1536":["https:\/\/sercoma.online\/wp-content\/uploads\/2024\/08\/l5590-1536x1536.jpg",1536,1536,true],"2048x2048":["https:\/\/sercoma.online\/wp-content\/uploads\/2024\/08\/l5590-2048x2048.jpg",2048,2048,true],"woocommerce_thumbnail":["https:\/\/sercoma.online\/wp-content\/uploads\/2024\/08\/l5590-300x300.jpg",300,300,true],"woocommerce_single":["https:\/\/sercoma.online\/wp-content\/uploads\/2024\/08\/l5590-600x600.jpg",600,600,true],"woocommerce_gallery_thumbnail":["https:\/\/sercoma.online\/wp-content\/uploads\/2024\/08\/l5590-100x100.jpg",100,100,true]},"uagb_author_info":{"display_name":"sercoma.online","author_link":"https:\/\/sercoma.online\/index.php\/author\/"},"uagb_comment_info":0,"uagb_excerpt":"Impresora multifuncional Wi-Fi 4 en 1 de alto desempe\u00f1o con velocidades de impresi\u00f3n ultra r\u00e1pidas Epson EcoTank L5590 100% sin cartuchos para muchos usuarios de trabajo no es suficiente la confiabilidad de EcoTank, pero tambi\u00e9n tienen la expectativa de resultados m\u00e1s r\u00e1pidos e inmediatos llevar acabo su trabajo. La EcoTank L5590 va m\u00e1s all\u00e1 de&hellip;","_links":{"self":[{"href":"https:\/\/sercoma.online\/index.php\/wp-json\/wp\/v2\/product\/4054"}],"collection":[{"href":"https:\/\/sercoma.online\/index.php\/wp-json\/wp\/v2\/product"}],"about":[{"href":"https:\/\/sercoma.online\/index.php\/wp-json\/wp\/v2\/types\/product"}],"version-history":[{"count":8,"href":"https:\/\/sercoma.online\/index.php\/wp-json\/wp\/v2\/product\/4054\/revisions"}],"predecessor-version":[{"id":4172,"href":"https:\/\/sercoma.online\/index.php\/wp-json\/wp\/v2\/product\/4054\/revisions\/4172"}],"wp:featuredmedia":[{"embeddable":true,"href":"https:\/\/sercoma.online\/index.php\/wp-json\/wp\/v2\/media\/4055"}],"wp:attachment":[{"href":"https:\/\/sercoma.online\/index.php\/wp-json\/wp\/v2\/media?parent=4054"}],"wp:term":[{"taxonomy":"product_cat","embeddable":true,"href":"https:\/\/sercoma.online\/index.php\/wp-json\/wp\/v2\/product_cat?post=4054"},{"taxonomy":"product_tag","embeddable":true,"href":"https:\/\/sercoma.online\/index.php\/wp-json\/wp\/v2\/product_tag?post=4054"}],"curies":[{"name":"wp","href":"https:\/\/api.w.org\/{rel}","templated":true}]}}