{"id":4049,"date":"2024-08-30T16:55:33","date_gmt":"2024-08-30T16:55:33","guid":{"rendered":"https:\/\/sercoma.online\/?post_type=product&#038;p=4049"},"modified":"2024-09-30T21:36:38","modified_gmt":"2024-09-30T21:36:38","slug":"impresora-multifuncional-epson-ecotank-l4260","status":"publish","type":"product","link":"https:\/\/sercoma.online\/index.php\/product\/impresora-multifuncional-epson-ecotank-l4260\/","title":{"rendered":"Impresora Multifuncional Epson EcoTank L4260"},"content":{"rendered":"<p>La impresora multifuncional 3 en 1 L4260 para emprendedores y peque\u00f1as oficinas ofrece funciones de productividad a un precio asequible,\u00a0 como la tecnolog\u00eda de impresi\u00f3n a doble cara autom\u00e1tica , conectividad Wi-Fi y compatible con nueva aplicacion\u00a0 Epson Smart Panel, para aprovechar toda la productividad de su impresora a trav\u00e9s de sus dispositivo inteligentes. Cuenta con la tecnolog\u00eda sin calor Epson Heat Free, que brinda un desempe\u00f1o eficiente, ayudandolo a aumentar la productividad de su negocio y le ofrece la posibilidad de imprimir a color, por menos de lo que cuesta imprimir en blanco y negro en una impresora laser monocromatica.<\/p>\n<hr \/>\n<h4><strong>Especificaciones:<\/strong><\/h4>\n<ul>\n<li><strong>Marca<\/strong>: Epson<\/li>\n<li><strong>Peso: <\/strong>5,5 kg<\/li>\n<li><span class=\"list-attribute\"><strong>Tipo de producto:<\/strong> Impresora Multifuncional 3 en 1<\/span><\/li>\n<li><strong>Velocidad de Impresi\u00f3n m\u00e1xima:<\/strong> Negro 33 ppm y color 15 ppm (borrador, A4\/carta)<\/li>\n<li><strong>\u00c1rea de escaneo m\u00e1xima:<\/strong> 216 mm x 297 mm<\/li>\n<li><strong>Tamano m\u00e1ximo de impresi\u00f3n:<\/strong> 215.9 mm x 1.200 mm<\/li>\n<li><strong>Condici\u00f3n<\/strong>: Original-Nuevo<\/li>\n<\/ul>\n<p><span style=\"color: #00a7f8;\"><a style=\"color: #00a7f8;\" title=\"FICHA T\u00c9CNICA\" href=\"https:\/\/mediaserver.goepson.com\/ImConvServlet\/imconv\/2cf39753fa0c0d14a8b8bb7c5f4087d16baecb4d\/original?assetDescr=Especificaciones-EcoTank-L4260-v2.pdf\" target=\"_blank\" rel=\"noopener\">[ FICHA T\u00c9CNICA ]<\/a><\/span><\/p>\n<hr \/>\n<h4><strong>Caracteristicas:<\/strong><\/h4>\n<ul>\n<li><strong>Vers\u00e1til y compacto 3 en 1:<\/strong>\u00a0Impresora multifunci\u00f3n de tanque de tinta para imprimir, copiar, escanear con gran calidad. Ideal para la impresi\u00f3n de documentos<\/li>\n<li><strong>Conveniente:<\/strong>\u00a0Conectividad Wi-Fi y Wi-Fi Direct, compatible con la nueva aplicaci\u00f3n Smart Panel para una nueva y productiva experiencia en impresi\u00f3n desde sus dispositivos m\u00f3viles. Copiado y escaneo f\u00e1cil sin computador gracias a la\u00a0 pantalla LCD a color de 1,44&#8243;\u00bb<\/li>\n<li><strong>Mayor productividad:<\/strong>\u00a0Impresi\u00f3n autom\u00e1tica a doble cara (A4 \/ Carta) y mayor capacidad gracias a la bandeja de alimentacion de papel trasera que soporta hasta 100 hojas (A4\/Carta\/Oficio). Impresiones sin interrupciones gracias a la tecnologia sin calor Epson Heat Free, que brinda un desempe\u00f1o eficiente y ofrece hasta un 90% en ahorros de energia versus l\u00e1ser.<\/li>\n<li><strong>Impresi\u00f3n sin estr\u00e9s y de bajo costo:<\/strong>\u00a0Imprime hasta 7.500 p\u00e1ginas de documentos en negro \/ 6.000 en color con botellas de repuesto de bajo costo<\/li>\n<\/ul>\n","protected":false},"excerpt":{"rendered":"<p>La impresora multifuncional 3 en 1 L4260 para emprendedores y peque\u00f1as oficinas ofrece funciones de productividad a un precio asequible,\u00a0 como la tecnolog\u00eda de impresi\u00f3n a doble cara autom\u00e1tica , conectividad Wi-Fi y compatible con nueva aplicacion\u00a0 Epson Smart Panel, para aprovechar toda la productividad de su impresora a trav\u00e9s de sus dispositivo inteligentes. Cuenta con la tecnolog\u00eda sin calor Epson Heat Free, que brinda un desempe\u00f1o eficiente, ayudandolo a aumentar la productividad de su negocio y le ofrece la posibilidad de imprimir a color, por menos de lo que cuesta imprimir en blanco y negro en una impresora laser monocromatica.<\/p>\n","protected":false},"featured_media":4050,"template":"","meta":{"_uag_custom_page_level_css":"","_monsterinsights_skip_tracking":false,"_monsterinsights_sitenote_active":false,"_monsterinsights_sitenote_note":"","_monsterinsights_sitenote_category":0,"site-sidebar-layout":"default","site-content-layout":"","ast-site-content-layout":"default","site-content-style":"default","site-sidebar-style":"default","ast-global-header-display":"","ast-banner-title-visibility":"","ast-main-header-display":"","ast-hfb-above-header-display":"","ast-hfb-below-header-display":"","ast-hfb-mobile-header-display":"","site-post-title":"","ast-breadcrumbs-content":"","ast-featured-img":"","footer-sml-layout":"","theme-transparent-header-meta":"default","adv-header-id-meta":"","stick-header-meta":"","header-above-stick-meta":"","header-main-stick-meta":"","header-below-stick-meta":"","astra-migrate-meta-layouts":"set","ast-page-background-enabled":"default","ast-page-background-meta":{"desktop":{"background-color":"","background-image":"","background-repeat":"repeat","background-position":"center center","background-size":"auto","background-attachment":"scroll","background-type":"","background-media":"","overlay-type":"","overlay-color":"","overlay-gradient":""},"tablet":{"background-color":"","background-image":"","background-repeat":"repeat","background-position":"center center","background-size":"auto","background-attachment":"scroll","background-type":"","background-media":"","overlay-type":"","overlay-color":"","overlay-gradient":""},"mobile":{"background-color":"","background-image":"","background-repeat":"repeat","background-position":"center center","background-size":"auto","background-attachment":"scroll","background-type":"","background-media":"","overlay-type":"","overlay-color":"","overlay-gradient":""}},"ast-content-background-meta":{"desktop":{"background-color":"var(--ast-global-color-5)","background-image":"","background-repeat":"repeat","background-position":"center center","background-size":"auto","background-attachment":"scroll","background-type":"","background-media":"","overlay-type":"","overlay-color":"","overlay-gradient":""},"tablet":{"background-color":"var(--ast-global-color-5)","background-image":"","background-repeat":"repeat","background-position":"center center","background-size":"auto","background-attachment":"scroll","background-type":"","background-media":"","overlay-type":"","overlay-color":"","overlay-gradient":""},"mobile":{"background-color":"var(--ast-global-color-5)","background-image":"","background-repeat":"repeat","background-position":"center center","background-size":"auto","background-attachment":"scroll","background-type":"","background-media":"","overlay-type":"","overlay-color":"","overlay-gradient":""}}},"product_cat":[23,49],"product_tag":[],"class_list":{"0":"post-4049","1":"product","2":"type-product","3":"status-publish","4":"has-post-thumbnail","6":"product_cat-impresoras","7":"product_cat-oficina","8":"desktop-align-center","9":"tablet-align-center","10":"mobile-align-center","12":"first","13":"instock","14":"taxable","15":"shipping-taxable","16":"product-type-simple"},"aioseo_notices":[],"jetpack_sharing_enabled":true,"uagb_featured_image_src":{"full":["https:\/\/sercoma.online\/wp-content\/uploads\/2024\/08\/L4260.jpg",2080,2080,false],"thumbnail":["https:\/\/sercoma.online\/wp-content\/uploads\/2024\/08\/L4260-150x150.jpg",150,150,true],"medium":["https:\/\/sercoma.online\/wp-content\/uploads\/2024\/08\/L4260-300x300.jpg",300,300,true],"medium_large":["https:\/\/sercoma.online\/wp-content\/uploads\/2024\/08\/L4260-768x768.jpg",768,768,true],"large":["https:\/\/sercoma.online\/wp-content\/uploads\/2024\/08\/L4260-1024x1024.jpg",1024,1024,true],"1536x1536":["https:\/\/sercoma.online\/wp-content\/uploads\/2024\/08\/L4260-1536x1536.jpg",1536,1536,true],"2048x2048":["https:\/\/sercoma.online\/wp-content\/uploads\/2024\/08\/L4260-2048x2048.jpg",2048,2048,true],"woocommerce_thumbnail":["https:\/\/sercoma.online\/wp-content\/uploads\/2024\/08\/L4260-300x300.jpg",300,300,true],"woocommerce_single":["https:\/\/sercoma.online\/wp-content\/uploads\/2024\/08\/L4260-600x600.jpg",600,600,true],"woocommerce_gallery_thumbnail":["https:\/\/sercoma.online\/wp-content\/uploads\/2024\/08\/L4260-100x100.jpg",100,100,true]},"uagb_author_info":{"display_name":"sercoma.online","author_link":"https:\/\/sercoma.online\/index.php\/author\/"},"uagb_comment_info":0,"uagb_excerpt":"La impresora multifuncional 3 en 1 L4260 para emprendedores y peque\u00f1as oficinas ofrece funciones de productividad a un precio asequible,\u00a0 como la tecnolog\u00eda de impresi\u00f3n a doble cara autom\u00e1tica , conectividad Wi-Fi y compatible con nueva aplicacion\u00a0 Epson Smart Panel, para aprovechar toda la productividad de su impresora a trav\u00e9s de sus dispositivo inteligentes. Cuenta&hellip;","_links":{"self":[{"href":"https:\/\/sercoma.online\/index.php\/wp-json\/wp\/v2\/product\/4049"}],"collection":[{"href":"https:\/\/sercoma.online\/index.php\/wp-json\/wp\/v2\/product"}],"about":[{"href":"https:\/\/sercoma.online\/index.php\/wp-json\/wp\/v2\/types\/product"}],"version-history":[{"count":5,"href":"https:\/\/sercoma.online\/index.php\/wp-json\/wp\/v2\/product\/4049\/revisions"}],"predecessor-version":[{"id":4214,"href":"https:\/\/sercoma.online\/index.php\/wp-json\/wp\/v2\/product\/4049\/revisions\/4214"}],"wp:featuredmedia":[{"embeddable":true,"href":"https:\/\/sercoma.online\/index.php\/wp-json\/wp\/v2\/media\/4050"}],"wp:attachment":[{"href":"https:\/\/sercoma.online\/index.php\/wp-json\/wp\/v2\/media?parent=4049"}],"wp:term":[{"taxonomy":"product_cat","embeddable":true,"href":"https:\/\/sercoma.online\/index.php\/wp-json\/wp\/v2\/product_cat?post=4049"},{"taxonomy":"product_tag","embeddable":true,"href":"https:\/\/sercoma.online\/index.php\/wp-json\/wp\/v2\/product_tag?post=4049"}],"curies":[{"name":"wp","href":"https:\/\/api.w.org\/{rel}","templated":true}]}}