{"id":3759,"date":"2024-03-19T22:41:55","date_gmt":"2024-03-19T22:41:55","guid":{"rendered":"https:\/\/sercoma.online\/?post_type=product&#038;p=3759"},"modified":"2024-11-20T15:15:00","modified_gmt":"2024-11-20T15:15:00","slug":"rollo-epson-de-papel-para-sublimacion","status":"publish","type":"product","link":"https:\/\/sercoma.online\/index.php\/product\/rollo-epson-de-papel-para-sublimacion\/","title":{"rendered":"Rollo  Epson de papel para sublimaci\u00f3n"},"content":{"rendered":"<p>Papel de sublimaci\u00f3n desarrollado especialmente por Epson para su gama de impresoras SureColor. El papel multiprop\u00f3sito es apto para sublimaci\u00f3n de todo tipo de sustratos, tanto r\u00edgidos como textiles. Excelente para la personalizaci\u00f3n de objetos de cer\u00e1mica, aluminio o madera que requieren alta definici\u00f3n de imagen y mayor carga de tinta. Tiene adem\u00e1s una gran capacidad de transpiraci\u00f3n de los vapores de tinta durante el planchado.<\/p>\n<hr \/>\n<h4><strong>Especificaciones<\/strong><\/h4>\n<ul>\n<li><strong>Marca<\/strong>: Epson<\/li>\n<li><span class=\"list-attribute\"><strong>Tipo de producto:<\/strong> Rollo para sublimaci\u00f3n<\/span><\/li>\n<li><strong>Tipos de papel:<\/strong>\u00a0multiprop\u00f3sito y textil.<\/li>\n<li><strong>Compatible con las tintas:<\/strong> Epson UltraChrome DS.<\/li>\n<li><strong>Gramaje:<\/strong>\u00a0<span class=\"azul-negrita\">105 g\/m<\/span><sup class=\"azul-negrita\">2<\/sup><\/li>\n<li><strong>Condici\u00f3n<\/strong>: Original-Nuevo<\/li>\n<\/ul>\n","protected":false},"excerpt":{"rendered":"<p>Papel de sublimaci\u00f3n desarrollado especialmente por Epson para su gama de impresoras SureColor. El papel multiprop\u00f3sito es apto para sublimaci\u00f3n de todo tipo de sustratos, tanto r\u00edgidos como textiles. Excelente para la personalizaci\u00f3n de objetos de cer\u00e1mica, aluminio o madera que requieren alta definici\u00f3n de imagen y mayor carga de tinta. Tiene adem\u00e1s una gran capacidad de transpiraci\u00f3n de los vapores de tinta durante el planchado.<\/p>\n","protected":false},"featured_media":3818,"template":"","meta":{"_uag_custom_page_level_css":"","_monsterinsights_skip_tracking":false,"_monsterinsights_sitenote_active":false,"_monsterinsights_sitenote_note":"","_monsterinsights_sitenote_category":0,"site-sidebar-layout":"default","site-content-layout":"","ast-site-content-layout":"default","site-content-style":"default","site-sidebar-style":"default","ast-global-header-display":"","ast-banner-title-visibility":"","ast-main-header-display":"","ast-hfb-above-header-display":"","ast-hfb-below-header-display":"","ast-hfb-mobile-header-display":"","site-post-title":"","ast-breadcrumbs-content":"","ast-featured-img":"","footer-sml-layout":"","theme-transparent-header-meta":"default","adv-header-id-meta":"","stick-header-meta":"","header-above-stick-meta":"","header-main-stick-meta":"","header-below-stick-meta":"","astra-migrate-meta-layouts":"set","ast-page-background-enabled":"default","ast-page-background-meta":{"desktop":{"background-color":"","background-image":"","background-repeat":"repeat","background-position":"center center","background-size":"auto","background-attachment":"scroll","background-type":"","background-media":"","overlay-type":"","overlay-color":"","overlay-gradient":""},"tablet":{"background-color":"","background-image":"","background-repeat":"repeat","background-position":"center center","background-size":"auto","background-attachment":"scroll","background-type":"","background-media":"","overlay-type":"","overlay-color":"","overlay-gradient":""},"mobile":{"background-color":"","background-image":"","background-repeat":"repeat","background-position":"center center","background-size":"auto","background-attachment":"scroll","background-type":"","background-media":"","overlay-type":"","overlay-color":"","overlay-gradient":""}},"ast-content-background-meta":{"desktop":{"background-color":"var(--ast-global-color-5)","background-image":"","background-repeat":"repeat","background-position":"center center","background-size":"auto","background-attachment":"scroll","background-type":"","background-media":"","overlay-type":"","overlay-color":"","overlay-gradient":""},"tablet":{"background-color":"var(--ast-global-color-5)","background-image":"","background-repeat":"repeat","background-position":"center center","background-size":"auto","background-attachment":"scroll","background-type":"","background-media":"","overlay-type":"","overlay-color":"","overlay-gradient":""},"mobile":{"background-color":"var(--ast-global-color-5)","background-image":"","background-repeat":"repeat","background-position":"center center","background-size":"auto","background-attachment":"scroll","background-type":"","background-media":"","overlay-type":"","overlay-color":"","overlay-gradient":""}}},"product_cat":[57],"product_tag":[],"class_list":{"0":"post-3759","1":"product","2":"type-product","3":"status-publish","4":"has-post-thumbnail","6":"product_cat-papel","7":"desktop-align-center","8":"tablet-align-center","9":"mobile-align-center","11":"first","12":"instock","13":"taxable","14":"shipping-taxable","15":"product-type-simple"},"aioseo_notices":[],"jetpack_sharing_enabled":true,"uagb_featured_image_src":{"full":["https:\/\/sercoma.online\/wp-content\/uploads\/2024\/03\/Rollo-Epson-Sublimacion-1.png",2080,2080,false],"thumbnail":["https:\/\/sercoma.online\/wp-content\/uploads\/2024\/03\/Rollo-Epson-Sublimacion-1-150x150.png",150,150,true],"medium":["https:\/\/sercoma.online\/wp-content\/uploads\/2024\/03\/Rollo-Epson-Sublimacion-1-300x300.png",300,300,true],"medium_large":["https:\/\/sercoma.online\/wp-content\/uploads\/2024\/03\/Rollo-Epson-Sublimacion-1-768x768.png",768,768,true],"large":["https:\/\/sercoma.online\/wp-content\/uploads\/2024\/03\/Rollo-Epson-Sublimacion-1-1024x1024.png",1024,1024,true],"1536x1536":["https:\/\/sercoma.online\/wp-content\/uploads\/2024\/03\/Rollo-Epson-Sublimacion-1-1536x1536.png",1536,1536,true],"2048x2048":["https:\/\/sercoma.online\/wp-content\/uploads\/2024\/03\/Rollo-Epson-Sublimacion-1-2048x2048.png",2048,2048,true],"woocommerce_thumbnail":["https:\/\/sercoma.online\/wp-content\/uploads\/2024\/03\/Rollo-Epson-Sublimacion-1-300x300.png",300,300,true],"woocommerce_single":["https:\/\/sercoma.online\/wp-content\/uploads\/2024\/03\/Rollo-Epson-Sublimacion-1-600x600.png",600,600,true],"woocommerce_gallery_thumbnail":["https:\/\/sercoma.online\/wp-content\/uploads\/2024\/03\/Rollo-Epson-Sublimacion-1-100x100.png",100,100,true]},"uagb_author_info":{"display_name":"sercoma.online","author_link":"https:\/\/sercoma.online\/index.php\/author\/"},"uagb_comment_info":0,"uagb_excerpt":"Papel de sublimaci\u00f3n desarrollado especialmente por Epson para su gama de impresoras SureColor. El papel multiprop\u00f3sito es apto para sublimaci\u00f3n de todo tipo de sustratos, tanto r\u00edgidos como textiles. Excelente para la personalizaci\u00f3n de objetos de cer\u00e1mica, aluminio o madera que requieren alta definici\u00f3n de imagen y mayor carga de tinta. Tiene adem\u00e1s una gran&hellip;","_links":{"self":[{"href":"https:\/\/sercoma.online\/index.php\/wp-json\/wp\/v2\/product\/3759"}],"collection":[{"href":"https:\/\/sercoma.online\/index.php\/wp-json\/wp\/v2\/product"}],"about":[{"href":"https:\/\/sercoma.online\/index.php\/wp-json\/wp\/v2\/types\/product"}],"version-history":[{"count":3,"href":"https:\/\/sercoma.online\/index.php\/wp-json\/wp\/v2\/product\/3759\/revisions"}],"predecessor-version":[{"id":3817,"href":"https:\/\/sercoma.online\/index.php\/wp-json\/wp\/v2\/product\/3759\/revisions\/3817"}],"wp:featuredmedia":[{"embeddable":true,"href":"https:\/\/sercoma.online\/index.php\/wp-json\/wp\/v2\/media\/3818"}],"wp:attachment":[{"href":"https:\/\/sercoma.online\/index.php\/wp-json\/wp\/v2\/media?parent=3759"}],"wp:term":[{"taxonomy":"product_cat","embeddable":true,"href":"https:\/\/sercoma.online\/index.php\/wp-json\/wp\/v2\/product_cat?post=3759"},{"taxonomy":"product_tag","embeddable":true,"href":"https:\/\/sercoma.online\/index.php\/wp-json\/wp\/v2\/product_tag?post=3759"}],"curies":[{"name":"wp","href":"https:\/\/api.w.org\/{rel}","templated":true}]}}